se -85 - 253 = -2*m. What are the prime factors of m?
13
Let q(d) = 2*d**2 - 11*d - 6. Let w(k) = -3*k**2 + 21*k + 12. Let f(i) = -5*q(i) - 3*w(i). List the prime factors of f(-6).
2, 3
Let v(k) = k**2 - 4*k + 2. Let y be v(4). Suppose 1 = y*c - 3. Suppose -c*p + 37 = 5*x, 0*p + 11 = p + x. What are the prime factors of p?
2, 3
Let f = 5 + -10. Let z = 2 - f. Suppose -2*i = -5*m + 4, -2*m - i + z = -0. List the prime factors of m.
2
Suppose -3*g - 2*t - t = 0, 0 = 3*t - 3. Let d be (0 - -2)*g/(-1). Suppose -3*a + 12 = -d*a. What are the prime factors of a?
2, 3
Suppose 0 = y - 5*r - 134, -4*r + 0*r = 3*y - 326. What are the prime factors of y?
2, 3, 19
Let j = -7 - -24. What are the prime factors of j?
17
Let a(u) = u**3 + 4*u**2. Let w be a(-4). Suppose 0 = -2*b - w + 6. List the prime factors of b.
3
Let q(g) = -2*g**2 + 8*g - 12. Let j be q(5). Let z = j - -54. List the prime factors of z.
2
Suppose 3*z - 16 = 2*z + 5*b, -b = 5*z + 24. Let t be z/(-16) - (-2)/(-8). Suppose t = -0*g + 4*g - 20. What are the prime factors of g?
5
Let j(l) = -7*l**2 - l**3 + l - 3 + 9 + 2*l**2. Let a be j(-5). What are the prime factors of 0/(-4) - a*-9?
3
Let o(c) = 3*c**2 + 6*c - 5. Let x(n) = -n**2 - 2*n + 2. Let g(r) = -2*o(r) - 7*x(r). Let d be g(-4). Suppose -2*p - 4 = -d*p. What are the prime factors of p?
2
Let x(k) be the first derivative of -k**4/4 - 13*k**3/3 + 15*k**2/2 + 19*k + 1. List the prime factors of x(-14).
5
Suppose 0*f - 5*f - 4*q = -63, -18 = -f + q. Suppose -5*x + f = 5*v, -5*x - v + 0 = -31. Let a = -1 + x. What are the prime factors of a?
2, 3
Let c be (-2 + (-9)/(-6))*-4. What are the prime factors of 3/(3*c/28)?
2, 7
Let j = 6 + 15. Let i be (-14)/j - 28/(-6). Suppose -i*k - 36 = -8*k. What are the prime factors of k?
3
Suppose 476 = 3*i + 4*i. What are the prime factors of i?
2, 17
Let z = -11 - -5. Let c be ((-16)/(-3))/(z/(-9)). Let x(a) = a + 8. What are the prime factors of x(c)?
2
What are the prime factors of (4/3)/((-9)/(-162))?
2, 3
Let v(b) = -b**2 + 5*b - 5. Let u(d) = -5*d**2 + 24*d - 25. Let j(c) = 2*u(c) - 11*v(c). Let n = 6 - -1. List the prime factors of j(n).
5
Let w = -71 - -100. Suppose -3*n + w = -4. What are the prime factors of (n - 0)*(-1 + 2)?
11
Let y(n) = 2*n + 4. Let k be y(3). Suppose 20 = 3*v - 5*g, -5*g = 2*v - k*g - 20. List the prime factors of (-2)/(v - 6/15).
5
Let u be 57/(-2) + 9/(-6). Let f = -16 - u. List the prime factors of f.
2, 7
Let b(h) = -7*h - 2*h - 2 + 6*h. Let j = -5 + 0. List the prime factors of b(j).
13
Let m = -25 - -18. Let x(y) = -y + 1. What are the prime factors of x(m)?
2
Let t be 2/(-8) - (-65)/20. List the prime factors of -1*(t + -2) + 15.
2, 7
Let u = -1 + 2. Suppose 9 = 4*k + u. Suppose 0 = 2*b - 12 - k. List the prime factors of b.
7
What are the prime factors of 0 - (-4 + -2*3)?
2, 5
What are the prime factors of (12 - -7) + -2 + -1?
2
What are the prime factors of (-369)/6*6/(-9)?
41
Let m(n) = 7*n + 4. Let x(h) = h - 1. Let b(j) = m(j) - 6*x(j). Let g be 6*1/((-1)/1). What are the prime factors of b(g)?
2
Let k(x) be the second derivative of 5*x**3/2 - 5*x**2/2 - 3*x. List the prime factors of k(2).
5
Suppose 0 = 4*v + 4*a - 8, 3*v + 0*v - 6 = 4*a. Suppose 6 - 20 = -v*p. What are the prime factors of p?
7
Suppose 5*d + 9 = 8*d. Suppose 0 = d*q - 9, 2*q = 4*j + q - 21. What are the prime factors of j?
2, 3
Suppose -3*s = 4*w - 0*w - 36, -5*s + 60 = -2*w. What are the prime factors of s?
2, 3
Let y(c) = -3*c**2 - 64*c. List the prime factors of y(-20).
2, 5
Suppose -3*p = -p. Suppose 21 = -x - 2*x - 5*s, -2*s = -2*x - 14. Let d = p - x. What are the prime factors of d?
7
Let v = -11 + 9. List the prime factors of (5 + v)/(3/20).
2, 5
Suppose -3*o = -2*w + 275, 4*w = -0*w + o + 525. Suppose -2*i + w = 3*i. What are the prime factors of i?
2, 13
Let n(q) = q**2 + 4*q - 6. Let i be n(-9). Let y = i - 26. List the prime factors of y.
13
Suppose -3*a - 2*b + 154 = 0, 2*b - b - 103 = -2*a. What are the prime factors of a?
2, 13
Let x(b) = 10*b - 10*b - 4 + 11*b**2. What are the prime factors of x(-2)?
2, 5
Let d(x) = 3*x + 1. Let q(c) be the third derivative of -c**4/8 - c**2. Let y(s) = 2*d(s) + 3*q(s). List the prime factors of y(-3).
11
What are the prime factors of (-4 + 5)*(0 + 87)?
3, 29
Suppose -4*s + 8*s - 228 = 0. What are the prime factors of s?
3, 19
Suppose -251 = -2*g - 3*x, -5*x - 275 = -2*g - 0*x. List the prime factors of g.
2, 5, 13
Let s = -17 - -34. What are the prime factors of s?
17
Suppose 3*a + 5*b - 34 = 0, -2*a - 2*b + 20 + 0 = 0. Let t = -1 + a. List the prime factors of t.
7
Let l = 13 + 30. List the prime factors of l.
43
What are the prime factors of 4452/49 - 1/(-7)?
7, 13
Suppose 5*n = -19 + 79. List the prime factors of n.
2, 3
Suppose 2 + 18 = y. List the prime factors of y.
2, 5
Let w = -638 - -933. List the prime factors of w.
5, 59
Suppose 0 = 4*m - 5 - 7. Suppose -5*q = m*x - 20, 4*x + 2*q + 0*q = 22. What are the prime factors of x?
5
Suppose -4*c + 2231 - 859 = 4*h, -5*h + 701 = 2*c. List the prime factors of c.
2, 13
Suppose -3 + 4 = -5*k - 4*m, -3*k + 5 = m. Let a = 1 + -3. What are the prime factors of 5/((-5)/a)*k?
2, 3
Let z be (-45)/12*24/(-2). Let q = z + -21. List the prime factors of q.
2, 3
What are the prime factors of (-8)/(-36)*-138*-3?
2, 23
Let d(p) = -89*p**2 + p. Let f be d(-1). What are the prime factors of (5 - -1)/((-10)/f)?
2, 3
Suppose m + 5*b = -13, 32 = -4*m + 8*m - b. List the prime factors of m.
7
Let d = -23 + 25. Suppose -7 + d = -r. What are the prime factors of r?
5
Let y(l) = l - 1. Let c(t) = -26*t - 7. Let z(x) = c(x) - 6*y(x). List the prime factors of z(-1).
31
Let d(t) be the second derivative of -t**5/20 + 7*t**4/12 + t**3/2 + t**2/2 - 3*t. What are the prime factors of d(7)?
2, 11
Let k(q) = -q**2 + 10*q + 9. Let r be k(10). Suppose 2*d = 3*z + r, 4*z = 4*d + d - 5. List the prime factors of (-14)/d - 3/(-9).
5
Let j(r) = -r + 13. Let d be j(6). What are the prime factors of (1 - -3) + -1 + d?
2, 5
Let s(r) = -3*r - 7. Let x be s(-5). Suppose -6*q + x*q = 50. List the prime factors of q.
5
Let s be -8 + -2 + 8 + -3. Let t = s - -9. List the prime factors of t.
2
Suppose v = 3*v - 8. Let b be -1*(-3 + v + -6). Let j(o) = o + 2. List the prime factors of j(b).
7
Let c(g) = -g**2 - 10*g - 12. Let r be c(-8). Suppose 0 = -2*d - 2*i + 42, r*i + 93 = 4*d + 17. List the prime factors of d.
2, 5
Let g = 5 + -5. Let f be 8 - (g + -1 + 4). Suppose -29 = -5*z + 3*j + 50, f*j = -5*z + 55. List the prime factors of z.
2, 7
Let a(o) = o. Let s(b) = -36*b**2 - 5*b + 1. Let n(m) = -4*a(m) - s(m). List the prime factors of n(1).
2, 3
Let v(d) = 9*d**2 + d - 1. Let b be v(1). Suppose -j + b = -6. What are the prime factors of j?
3, 5
Suppose 0 = 5*p + 4*b - 8, -6 = p + 3*b - 1. Suppose 15 = p*h - h. Suppose -h*z = -5*v + 70, -v + 4*z + 26 = -z. List the prime factors of v.
11
Let s be 3 + 1*(-1 - -2). Let v(l) = l**3 + 4*l**2 - 3*l - 4. Let y be v(-4). Suppose -y = -2*m + 3*m - s*b, 2*m - 2*b = 8. List the prime factors of m.
2
Let w = 5 + -15. Let n = -7 - w. Suppose -g + 8 = n*v, -5*v - 2 = -g - 10. What are the prime factors of v?
2
Suppose d - 2*o + 5*o + 20 = 0, 3*d + 5*o = -52. Suppose -4*t + 13 = 29. Let q = t - d. What are the prime factors of q?
2, 5
Let h be 4*(3 + (-28)/16). Suppose 12 = h*p - 213. What are the prime factors of p?
3, 5
Let i(w) = -w + 17. Let m be i(-13). Suppose -2*c - m = -118. List the prime factors of c.
2, 11
Let w = 8 + -17. Let i = w - -17. Suppose -5*b + 42 = -i. List the prime factors of b.
2, 5
Suppose 0 = -m + 2. Suppose -c = m*c - 60. What are the prime factors of c?
2, 5
Let y(r) = 47*r**2 + r - 2. Let b be y(1). Let c = -12 + b. List the prime factors of c.
2, 17
Let l(f) = -45*f**3 + f**2 + f. List the prime factors of l(-1).
3, 5
Let f(p) = -p**2 - 8*p + 5. Let y be f(-6). Let u = 32 - y. What are the prime factors of u?
3, 5
Let w be 338/(-5) + 15/25. Let m = w + 100. What are the prime factors of m?
3, 11
Suppose -5*x - 311 = -3*t, 0*x = t + x - 101. List the prime factors of t.
2, 3, 17
Suppose -3*y + 0 = -3*a + 9, 4*a = -12. Let j(n) = -n**2 - 6*n + 1. Let l be j(y). Let w = 7 + l. List the prime factors of w.
2
Let j = -51 + 148. What are the prime factors of j?
97